Let z(u) = -13*u + 52. Determine z(-14).
234
Let j(m) = -m**3 + 18*m**2 - 46*m + 10. Determine j(15).
-5
Let q(s) = 14*s + 24. Calculate q(0).
24
Let f(k) = k**3 + 4*k**2 + k + 6. Calculate f(-4).
2
Let c(n) = n**2 + 45*n - 205. Determine c(-49).
-9
Let i(s) = -s**2 + 9*s + 5. Determine i(5).
25
Let y(q) = 6*q - 9. Give y(-4).
-33
Let k(u) = 63*u - 513. Calculate k(8).
-9
Let n(d) = 26*d + 68. Calculate n(-6).
-88
Let y(m) = 3*m - 9. What is y(6)?
9
Let n(h) = -h**2 + 11*h - 37. What is n(5)?
-7
Let d(n) = -n**2 - 29*n - 169. Give d(-9).
11
Let v(j) = -j**2 + 17*j + 3. Calculate v(15).
33
Let y(j) = -2*j**2 - 25*j - 15. Determine y(-12).
-3
Let u(c) = 3*c**3 + 60*c**2 - 20. Calculate u(-20).
-20
Let y(w) = -w**2 + 5*w + 9. Determine y(0).
9
Let i(u) = -7*u**3 + 2*u**2 + 2*u - 3. What is i(2)?
-47
Let d(k) = -k**3 + 7*k**2 - k - 5. Determine d(7).
-12
Let b(f) = f**2 + 18*f - 118. Give b(6).
26
Let q(t) = -t**3 + 5*t**2 - 4*t - 1. What is q(2)?
3
Let s(q) = q**2 - 26*q + 5. Calculate s(27).
32
Let o(q) = -3*q - 43. Give o(-13).
-4
Let v(d) = -2*d**2 + d + 18. What is v(0)?
18
Let r(t) = -t**3 + 4*t**2 + t - 7. Calculate r(3).
5
Let n(r) = -r**3 + 2*r + 8. Determine n(3).
-13
Let l(u) = -u**3 - 26*u**2 - 50*u - 4. Calculate l(-24).
44
Let r(m) = m**2 - 29*m + 53. Give r(22).
-101
Let m(x) = 4*x**2 + 11*x - 9. What is m(1)?
6
Let i(s) = s**3 + 10*s**2 - 3*s - 9. Determine i(-10).
21
Let o(n) = 90*n**2 - 2*n - 1. Determine o(-1).
91
Let a(k) = -k**2 + k - 71. Calculate a(0).
-71
Let o(z) = -z**2 - 10*z - 17. Calculate o(-5).
8
Let y(f) = 36*f - 174. Determine y(5).
6
Let g(q) = 3*q - 5. What is g(7)?
16
Let k(b) = -5*b**3 + 6*b - 7. Calculate k(3).
-124
Let y(d) = 20*d + 3. Give y(-1).
-17
Let v(x) = -x**2 + x + 7. Calculate v(5).
-13
Let l(n) = -2*n**2 - 4*n + 8. Determine l(-5).
-22
Let m(w) = w - 15. What is m(0)?
-15
Let v(y) = -2*y**2 + 13*y - 2. Give v(6).
4
Let g(h) = h**2 + h. What is g(1)?
2
Let g(q) = q**2 + 8*q + 3. Determine g(-6).
-9
Let r(u) = u**2 + 14*u - 27. What is r(-16)?
5
Let m(r) = -12*r + 6. Calculate m(3).
-30
Let j(k) = 4*k**2 + 2*k - 3. Give j(-3).
27
Let j(u) = 3*u - 25. Give j(-4).
-37
Let z(c) = c**3 - 24*c**2 + 3*c - 59. Calculate z(24).
13
Let v(i) = i**2 + i - 11. Calculate v(-5).
9
Let m(f) = f**3 - f**2 - 19*f - 5. Calculate m(0).
-5
Let f(h) = -42*h - 250. Determine f(-6).
2
Let g(b) = b**3 + 10*b**2 + 11*b + 7. Calculate g(-9).
-11
Let d(y) = y**2 + 4*y + 17. Give d(-11).
94
Let x(c) = 71*c - 135. Give x(2).
7
Let w(g) = -g**2 - 9*g - 5. Give w(-8).
3
Let c(z) = -3*z**3 - 3*z**2 + 2*z + 4. Determine c(3).
-98
Let k(a) = -a**2 + a + 16. Calculate k(-3).
4
Let f(i) = i**2 + 4*i - 5. Calculate f(4).
27
Let s(c) = -c**2 - 10*c - 19. What is s(-10)?
-19
Let l(g) = 42*g**3 + 4*g**2 - 2. What is l(-1)?
-40
Let o(h) = -5*h + 24. Determine o(6).
-6
Let x(m) = 4*m + 10. Calculate x(-4).
-6
Let y(m) = -47*m + 10. What is y(0)?
10
Let y(t) = -t**3 + 10*t**2 - 11*t + 5. Calculate y(7).
75
Let l(j) = -j**3 - 6*j**2 - 5*j - 3. Give l(-3).
-15
Let d(g) = 30*g + 2. Give d(-1).
-28
Let i(m) = -2*m**2 + 43*m - 84. What is i(19)?
11
Let c(x) = x**2 + x - 3. What is c(3)?
9
Let q(u) = -u**3 + 4*u**2 + 3*u + 6. What is q(5)?
-4
Let o(v) = v**2 + 5*v + 6. Calculate o(-1).
2
Let f(b) = 2*b**3 + b**2 - b + 1. Give f(-2).
-9
Let r(p) = p**3 - 12*p**2 - 25*p + 12. Give r(14).
54
Let j(n) = 15*n + 805. Calculate j(-54).
-5
Let g(w) = 11*w + 1. Give g(-12).
-131
Let t(g) = -g**2 + 29*g - 3. Determine t(2).
51
Let n(o) = 7*o**2 - 1. Calculate n(1).
6
Let g(q) = q**2 + 10*q. Give g(-9).
-9
Let q(d) = d + 16. Calculate q(-27).
-11
Let u(c) = -2*c**2 - 13*c - 26. Determine u(-8).
-50
Let q(i) = -54*i - 18. Determine q(2).
-126
Let x(v) = v**2 + 10*v - 74. Give x(-15).
1
Let r(d) = -34*d + 1870. Give r(55).
0
Let h(d) = -5*d + 45. Determine h(13).
-20
Let b(o) = o**3 - 4*o**2 + 2*o + 1. Determine b(2).
-3
Let o(l) = -2*l - 9. Determine o(10).
-29
Let h(j) = j - 28. Determine h(26).
-2
Let z(t) = -2*t**2 - 11*t + 26. Determine z(6).
-112
Let l(i) = -6*i - 19. Determine l(-4).
5
Let u(b) = 5*b + 7. What is u(-2)?
-3
Let f(t) = 4*t**2 + 27*t + 11. Calculate f(-7).
18
Let a(u) = 3*u - 142. Determine a(49).
5
Let q(x) = 2*x. What is q(3)?
6
Let w(v) = 17*v - 7. Calculate w(2).
27
Let r(l) = -l**3 + 6*l**2 - 11*l + 11. What is r(4)?
-1
Let a(j) = 17*j - 108. Give a(5).
-23
Let s(f) = -6*f + 94. Calculate s(21).
-32
Let p(s) = s**2 + 8*s + 18. Determine p(-6).
6
Let n(w) = w**2 - 21*w - 44. Determine n(24).
28
Let q(g) = -g**3 - g**2 + 6*g - 8. Determine q(-4).
16
Let j(p) = p**2 + 9*p - 9. Calculate j(-7).
-23
Let z(w) = -2*w - 7. What is z(-5)?
3
Let x(r) = r**2 - 27*r - 61. Give x(-2).
-3
Let x(i) = i**3 - 4*i**2 - 6*i + 24. Give x(4).
0
Let z(g) = -2*g**2 + 11*g. What is z(5)?
5
Let y(o) = o**3 - 5*o**2 - 6*o + 1. Give y(5).
-29
Let u(w) = -3*w**2 - 32*w - 73. Give u(-4).
7
Let q(c) = c**3 - 6*c**2 + 9*c - 29. Calculate q(5).
-9
Let c(y) = 10*y - 93. What is c(8)?
-13
Let l(c) = -25*c + 3. What is l(5)?
-122
Let z(d) = d**3 - 3*d - 5. Calculate z(0).
-5
Let i(x) = -x**2 + 37*x - 4. What is i(0)?
-4
Let m(d) = -31*d - 1244. What is m(-40)?
-4
Let q(s) = 6*s - 65. Give q(11).
1
Let d(a) = -7*a**2 + a. Determine d(-1).
-8
Let f(n) = -n**2 + 15*n + 14. Give f(16).
-2
Let h(k) = 16*k**3 + k**2 + 2*k + 1. Calculate h(-1).
-16
Let r(v) = -v + 13. What is r(11)?
2
Let z(t) = 2*t**2 + t - 3. Give z(3).
18
Let j(t) = 3*t + 27. Calculate j(-7).
6
Let k(z) = 4*z + 2. Calculate k(8).
34
Let n(w) = -3*w - 5. What is n(9)?
-32
Let d(a) = a**2 - 18*a + 22. What is d(12)?
-50
Let v(m) = -6*m**2 + 22*m - 1. Determine v(4).
-9
Let t(c) = -c**2 - 12*c - 5. Determine t(-1).
6
Let n(g) = -g**3 - 4*g**2 + 4. Give n(-3).
-5
Let u(h) = -h**3 - 2*h**2 - h + 2. Give u(-2).
4
Let d(b) = -b**3 - 3*b**2 - 2. Determine d(-5).
48
Let i(o) = o**2 - 20*o + 97. Give i(12).
1
Let y(r) = -r**3 + 16*r**2 - 17*r + 11. What is y(15)?
-19
Let a(k) = -k + 9. Give a(6).
3
Let u(m) = -2*m**3 + 61*m**2 - 30*m + 2. Determine u(30).
2
Let d(z) = z**3 - 19*z**2 + 59*z + 25. Give d(15).
10
Let f(l) = -l**3 + 29*l**2 - 30*l + 41. Determine f(28).
-15
Let o(d) = -3*d + 18. Calculate o(8).
-6
Let s(k) = -k**3 + 4*k**2 - 3*k + 11. Calculate s(4).
-1
Let i(u) = -2*u**3 + 3*u**2 - u - 4. Give i(2).
-10
Let v(t) = 7*t**2 + t - 1. Calculate v(1).
7
Let y(r) = -r**2 + 23*r - 26. What is y(21)?
16
Let g(c) = -c - 4. What is g(3)?
-7
Let u(w) = 2*w**2 - 6*w + 5. What is u(1)?
1
Let g(l) = -l**3 + 16*l**2 + 21*l - 25. Give g(17).
43
Let l(u) = -u**2 + 22*u - 41. Determine l(20).
-1
Let f(j) = j**3 + 7*j**2 + 3*j - 11. Give f(-6).
7
Let z(x) = x - 38. Determine z(-15).
-53
Let k(a) = 2*a**2 + 49*a + 74. Determine k(-23).
5
Let d(j) = j - 37. What is d(-6)?
-43
Let a(m) = -115*m - 110. Calculate a(-1).
5
Let a(f) = -3*f**3 - 88*f**2 - 30*f - 10. Determine a(-29).
19
Let b(d) = -2*d**2 + 3*d - 9. What is b(6)?
-63
Let p(u) = -6*u - 3. Determine p(-2).
9
Let g(z) = z**2 - 9*z - 10. What is g(10)?
0
Let m(n) = 3*n + 2. Give m(-6).
-16
Let o(s) = 2*s**2 - 2*s - 35. Calculate o(0).
-35
Let i(v) = v - 31. Give i(0).
-31
Let h(p) = -3*p**2 + p. Calculate h(1).
-2
Let u(h) = 4*h - 13. What is u(2)?
-5
Let b(f) = -f**3 + 2*f**2 + 6*f - 5. What is b(4)?
-13
Let s(r) = 16*r - 152. Give s(9).
-8
Let u(z) = -19*z**2 - 11*z + 12. Determine u(1).
-18
Let o(z) = z**3 + 26*z**2 + 13. Calculate o(-26).
13
Let u(d) = 40*d**3 + 2*d + 2. Calculate u(-1).
-40
Let h(b) = 2*b**2 + 15*b + 8. Determine h(-7).
1
Let p(t) = -t + 1. Give p(-6).
7
Let b(u) = u**3 - 4*u**2 - u + 2. What is b(2)?
-8
Let n(u) = -9*u - 13. What is n(-1)?
-4
Let f(o) = 27*o + 9. What is f(1)?
36
Let b(u) = -u**3 - 21*u**2 + 21*u - 14. Determine b(-22).
8
Let h(p) = -3*p**2 - 31*p - 70. Calculate h(-7).
0
Let s(v) = v + 18. Determine s(-8).
10
Let v(d) = -2*d**3 + 4*d**2 - 4*d + 6. Determine v(4).
-74
Let k(t) = 3*t - 34. Determine k(17).
17
Let x(d) = d**2 + 6*d + 11. What is x(-2)?
3
Let s(r) = 2*r - 4. What is s(0)?
-4
Let d(o) = 5*o**2 - 5*o + 2. Determine d(4).
62
Let m(k) = 88*k + 1767. Calculate m(-20).
7
Let l(c) = -c**3 + 16*c**2 - 56*c + 1. Determine l(5).
-4
Let w(h) = 6*h + 11. Determine w(-2).
-1
Let g(m) = m**3 + 11*m**2 + 13*m + 14. What is g